a (base 13) to base 2.
-10111
-203 (base 6) to base 8
-113
What is -11 (base 3) in base 12?
-4
Convert 3 (base 4) to base 8.
3
-1 (base 7) to base 8
-1
What is 2 (base 8) in base 14?
2
-27 (base 11) to base 10
-29
Convert 5 (base 9) to base 2.
101
Convert 4 (base 11) to base 9.
4
What is 2 (base 7) in base 2?
10
-8 (base 15) to base 5
-13
What is -111 (base 6) in base 4?
-223
What is -12 (base 12) in base 14?
-10
-1 (base 9) to base 8
-1
103 (base 12) to base 13
b4
Convert 5 (base 8) to base 16.
5
Convert -11000011 (base 2) to base 10.
-195
Convert 1 (base 5) to base 7.
1
Convert 13 (base 7) to base 5.
20
3 (base 16) to base 10
3
-8b (base 13) to base 9
-137
Convert 4 (base 8) to base 4.
10
Convert 1 (base 5) to base 11.
1
Convert 342 (base 5) to base 2.
1100001
Convert 2a (base 14) to base 15.
28
What is 2 (base 3) in base 12?
2
-1 (base 13) to base 3
-1
Convert 1d (base 16) to base 11.
27
-2 (base 10) to base 15
-2
12 (base 9) to base 3
102
-1101 (base 3) to base 7
-52
-3 (base 5) to base 8
-3
-10 (base 3) to base 4
-3
Convert -37 (base 12) to base 8.
-53
-10 (base 14) to base 6
-22
What is 0 (base 3) in base 5?
0
What is 23 (base 12) in base 14?
1d
What is 13 (base 14) in base 4?
101
19 (base 14) to base 9
25
10 (base 3) to base 2
11
What is 0 (base 13) in base 5?
0
-142 (base 10) to base 13
-ac
3223 (base 5) to base 3
121020
-108 (base 9) to base 2
-1011001
Convert -63 (base 11) to base 4.
-1011
-300 (base 7) to base 6
-403
Convert 101 (base 9) to base 16.
52
What is 0 (base 16) in base 3?
0
Convert -1 (base 13) to base 16.
-1
Convert -1100 (base 2) to base 12.
-10
-12 (base 8) to base 12
-a
What is -12 (base 5) in base 15?
-7
What is -16 (base 8) in base 3?
-112
What is -3 (base 11) in base 3?
-10
0 (base 7) to base 3
0
Convert 4 (base 11) to base 8.
4
What is -212 (base 3) in base 15?
-18
What is -2 (base 5) in base 11?
-2
100010 (base 2) to base 7
46
What is 32 (base 6) in base 15?
15
Convert -20 (base 10) to base 14.
-16
What is 19 (base 12) in base 6?
33
Convert -2 (base 13) to base 14.
-2
Convert 3 (base 5) to base 4.
3
What is -12012 (base 3) in base 11?
-118
Convert -12 (base 8) to base 16.
-a
What is 25 (base 8) in base 3?
210
Convert 3 (base 4) to base 2.
11
Convert 110 (base 4) to base 6.
32
11 (base 5) to base 16
6
Convert 103 (base 4) to base 7.
25
1ac (base 13) to base 3
102112
What is -8 (base 12) in base 8?
-10
Convert d2 (base 14) to base 5.
1214
-1 (base 7) to base 14
-1
Convert -6 (base 12) to base 13.
-6
-74 (base 8) to base 12
-50
Convert 10100 (base 2) to base 4.
110
112 (base 10) to base 16
70
-18 (base 11) to base 10
-19
Convert -22 (base 9) to base 3.
-202
20 (base 3) to base 14
6
Convert 2 (base 13) to base 14.
2
Convert -a (base 15) to base 8.
-12
57 (base 15) to base 8
122
Convert 3 (base 14) to base 8.
3
-3 (base 4) to base 8
-3
-101010 (base 2) to base 11
-39
-37 (base 9) to base 16
-22
What is -3 (base 8) in base 7?
-3
What is -76 (base 9) in base 3?
-2120
-301 (base 6) to base 10
-109
-95 (base 11) to base 5
-404
What is -222 (base 5) in base 8?
-76
0 (base 8) to base 9
0
-13 (base 5) to base 6
-12
Convert -12 (base 13) to base 8.
-17
152 (base 8) to base 4
1222
101 (base 6) to base 7
52
47 (base 15) to base 9
74
Convert 2 (base 5) to base 14.
2
What is -2 (base 10) in base 4?
-2
-2 (base 6) to base 10
-2
What is -2a (base 13) in base 4?
-210
Convert -11100 (base 2) to base 11.
-26
Convert -100 (base 7) to base 13.
-3a
-1 (base 8) to base 14
-1
Convert 1321 (base 5) to base 11.
182
Convert 21020 (base 3) to base 12.
143
What is 76 (base 10) in base 12?
64
Convert 100 (base 2) to base 12.
4
Convert 2 (base 7) to base 9.
2
Convert -103 (base 5) to base 8.
-34
What is -1 (base 8) in base 15?
-1
3 (base 6) to base 11
3
What is -102 (base 11) in base 2?
-1111011
-5 (base 15) to base 9
-5
ff (base 16) to base 8
377
What is -11 (base 10) in base 9?
-12
Convert -32 (base 16) to base 14.
-38
-49 (base 13) to base 6
-141
What is 12 (base 5) in base 9?
7
-1001000 (base 2) to base 16
-48
Convert -7 (base 15) to base 5.
-12
Convert -70 (base 8) to base 14.
-40
-a4 (base 13) to base 5
-1014
What is -361 (base 8) in base 9?
-287
What is -283 (base 11) in base 12?
-239
-7 (base 11) to base 2
-111
Convert 6 (base 9) to base 7.
6
What is -f (base 16) in base 7?
-21
Convert 37 (base 11) to base 5.
130
Convert -1111 (base 2) to base 14.
-11
1 (base 15) to base 6
1
What is 5 (base 12) in base 16?
5
-1 (base 4) to base 6
-1
Convert -2110 (base 3) to base 9.
-73
What is 104 (base 5) in base 2?
11101
-3 (base 9) to base 6
-3
3 (base 15) to base 8
3
Convert 12 (base 14) to base 5.
31
-435 (base 6) to base 5
-1132
Convert 10010 (base 2) to base 15.
13
Convert 3 (base 13) to base 16.
3
-91 (base 14) to base 16
-7f
What is -33 (base 5) in base 4?
-102
What is 3 (base 12) in base 11?
3
Convert 0 (base 14) to base 7.
0
1 (base 6) to base 10
1
Convert 1 (base 14) to base 3.
1
What is -7 (base 10) in base 13?
-7
1 (base 15) to base 7
1
63 (base 13) to base 7
144
200 (base 3) to base 10
18
-13 (base 9) to base 13
-c
-10 (base 5) to base 10
-5
10001 (base 2) to base 13
14
What is 7 (base 16) in base 6?
11
Convert -108 (base 9) to base 6.
-225
What is -aa (base 16) in base 5?
-1140
Convert -a (base 13) to base 11.
-a
What is -153 (base 8) in base 12?
-8b
Convert -7 (base 13) to base 11.
-7
Convert 3 (base 7) to base 2.
11
-86 (base 9) to base 8
-116
What is 1 (base 15) in base 16?
1
What is -173 (base 10) in base 2?
-10101101
2 (base 12) to base 6
2
What is -1 (base 10) in base 3?
-1
Convert -96 (base 10) to base 4.
-1200
What is 120 (base 8) in base 10?
80
11 (base 7) to base 6
12
What is 26 (base 10) in base 5?
101
-2 (base 8) to base 6
-2
Convert 4 (base 7) to base 16.
4
What is 9c (base 14) in base 7?
255
55 (base 7) to base 8
50
What is -72 (base 13) in base 10?
-93
-24 (base 6) to base 15
-11
What is 9 (base 13) in base 4?
21
What is 1 (base 13) in base 6?
1
Convert -11 (base 9) to base 16.
-a
-42 (base 5) to base 15
-17
4 (base 15) to base 12
4
Convert -2 (base 11) to base 8.
-2
Convert -346 (base 8) to base 6.
-1022
-104 (base 6) to base 14
-2c
What is 28 (base 9) in base 8?
32
Convert -2110 (base 3) to base 4.
-1002
Convert -10 (base 4) to base 12.
-4
16 (base 10) to base 4
100
Convert 12 (base 6) to base 3.
22
What is 10010 (base 2) in base 8?
22
Convert -d (base 15) to base 14.
-d
42 (base 6) to base 12
22
What is 3 (base 6) in base 14?
3
Convert -208 (base 9) to base 2.
-10101010
What is -149 (base 10) in base 8?
-225
Convert 1b (base 12) to base 13.
1a
2 (base 9) to base 12
2
1 (base 4) to base 15
1
Convert -33 (base 6) to base 4.
-111
Convert -49 (base 14) to base 15.
-45
What is 11 (base 2) in base 12?
3
Convert 0 (base 7) to base 3.
0
Convert -22 (base 7) to base 10.
-16
10 (base 11) to base 7
14
What is 11 (base 2) in base 13?
3
59 (base 14) to base 3
2221
What is -46 (base 14) in base 10?
-62
110101 (base 2) to base 12
45
Convert -8 (base 14) to base 4.
-20
What is 2030 (base 4) in base 3?
12012
-1 (base 9) to base 6
-1
Convert 1001 (base 3) to base 13.
22
-34 (base 14) to base 3
-1201
What is -13 (base 16) in base 13?
-16
Convert -11 (base 3) to base 6.
-4
Convert 5 (base 13) to base 8.
5
-21 (base 3) to base 5
-12
What is 9 (base 15) in base 12?
9
-12 (base 3) to base 4
-11
Convert -3 (base 6) to base 11.
-3
What is -103 (base 4) in base 5?
-34
-48 (base 14) to base 10
-64
What is 0 (base 5) in base 14?
0
Convert -3 (base 8) to base 12.
-3
What is -10 (base 12) in base 15?
-c
-2 (base 15) to base 12
-2
-12 (base 16) to base 11
-17
Convert 1 (base 3) to base 14.
1
What is 22 (base 5) in base 2?
1100
Convert 44 (base 12) to base 13.
40
What is -18 (base 9) in base 16?
-11
0 (base 10) to base 8
0
What is 17 (base 16) in base 12?
1b
Convert 102 (base 6) to base 16.
26
What is 34 (base 12) in base 7?
55
What is 3 (base 6) in base 10?
3
Convert 1 (base 11) to base 3.
1
Convert 110111 (base 2) to base 12.
47
-1 (base 9) to base 4
-1
-1 (base 13) to base 3
-1
Convert 35 (base 6) to base 5.
43
What is -13 (base 6) in base 7?
-12
Convert 3 (base 8) to base 2.
11
What is 1 (base 16) in base 13?
1
-1 (base 2) to base 8
-1
What is -29 (base 12) in base 8?
-41
What is -218 (base 9) in base 5?
-1204
Convert 11 (base 2) to base 6.
3
